{"id":8389,"date":"2021-06-15T07:26:59","date_gmt":"2021-06-15T06:26:59","guid":{"rendered":"https:\/\/www.varprovence-cruise.com\/fr\/agenda-marches-frejus"},"modified":"2022-05-04T09:53:00","modified_gmt":"2022-05-04T07:53:00","slug":"agenda-marches-frejus","status":"publish","type":"page","link":"https:\/\/www.varprovence-cruise.com\/fr\/experience-var-provence\/agenda\/agenda-marches-frejus\/","title":{"rendered":"Agenda &#038; March\u00e9s Fr\u00e9jus"},"content":{"rendered":"<p>D\u00e9couvrez ici l&rsquo;Agenda des \u00e9v\u00e9nements &amp; des march\u00e9s de Fr\u00e9jus qui ravira les croisi\u00e9ristes.\u00a0<\/p>\n<p>Dans le coeur historique de la cit\u00e9 romaine ou au bord de l&rsquo;eau, retrouvez ci-dessous la liste et les jours des March\u00e9s traditionnels et proven\u00e7aux. <strong>Exclusivit\u00e9 croisi\u00e8re<\/strong> : la ville de Fr\u00e9jus propose un service de navettes depuis l&#8217;embarcad\u00e8re, pour permettre aux croisi\u00e9ristes de rejoindre le march\u00e9 de la plage qui se tient tous les mardis, vendredis et dimanches !<br \/>\nDes <strong>march\u00e9s d&rsquo;art et d&rsquo;artisanat<\/strong> ont lieu tous les soirs en \u00e9t\u00e9.<\/p>\n","protected":false},"excerpt":{"rendered":"<p>D\u00e9couvrez ici l&rsquo;Agenda des \u00e9v\u00e9nements &amp; des march\u00e9s de Fr\u00e9jus qui ravira les croisi\u00e9ristes.\u00a0 Dans le coeur historique de la cit\u00e9 romaine ou au bord de l&rsquo;eau, retrouvez ci-dessous la liste et les jours des March\u00e9s traditionnels et proven\u00e7aux. Exclusivit\u00e9 croisi\u00e8re : la ville de Fr\u00e9jus propose un service de navettes depuis l&#8217;embarcad\u00e8re, pour permettre [&hellip;]<\/p>\n","protected":false},"author":1,"featured_media":3229,"parent":5792,"menu_order":0,"comment_status":"closed","ping_status":"closed","template":"sit.php","meta":[],"_links":{"self":[{"href":"https:\/\/www.varprovence-cruise.com\/fr\/wp-json\/wp\/v2\/pages\/8389"}],"collection":[{"href":"https:\/\/www.varprovence-cruise.com\/fr\/wp-json\/wp\/v2\/pages"}],"about":[{"href":"https:\/\/www.varprovence-cruise.com\/fr\/wp-json\/wp\/v2\/types\/page"}],"author":[{"embeddable":true,"href":"https:\/\/www.varprovence-cruise.com\/fr\/wp-json\/wp\/v2\/users\/1"}],"replies":[{"embeddable":true,"href":"https:\/\/www.varprovence-cruise.com\/fr\/wp-json\/wp\/v2\/comments?post=8389"}],"version-history":[{"count":6,"href":"https:\/\/www.varprovence-cruise.com\/fr\/wp-json\/wp\/v2\/pages\/8389\/revisions"}],"predecessor-version":[{"id":17713,"href":"https:\/\/www.varprovence-cruise.com\/fr\/wp-json\/wp\/v2\/pages\/8389\/revisions\/17713"}],"up":[{"embeddable":true,"href":"https:\/\/www.varprovence-cruise.com\/fr\/wp-json\/wp\/v2\/pages\/5792"}],"wp:featuredmedia":[{"embeddable":true,"href":"https:\/\/www.varprovence-cruise.com\/fr\/wp-json\/wp\/v2\/media\/3229"}],"wp:attachment":[{"href":"https:\/\/www.varprovence-cruise.com\/fr\/wp-json\/wp\/v2\/media?parent=8389"}],"curies":[{"name":"wp","href":"https:\/\/api.w.org\/{rel}","templated":true}]}}

Agenda &#038; Marchés Fréjus

<p>Découvrez ici l&rsquo;Agenda des événements &amp; des marchés de Fréjus qui ravira les croisiéristes. </p>
<p>Dans le coeur historique de la cité romaine ou au bord de l&rsquo;eau, retrouvez ci-dessous la liste et les jours des Marchés traditionnels et provençaux. <strong>Exclusivité croisière</strong> : la ville de Fréjus propose un service de navettes depuis l&#8217;embarcadère, pour permettre aux croisiéristes de rejoindre le marché de la plage qui se tient tous les mardis, vendredis et dimanches !<br />
Des <strong>marchés d&rsquo;art et d&rsquo;artisanat</strong> ont lieu tous les soirs en été.</p>

<p>Découvrez ici l&rsquo;Agenda des événements &amp; des marchés de Fréjus qui ravira les croisiéristes.  Dans le coeur historique de la cité romaine ou au bord de l&rsquo;eau, retrouvez ci-dessous la liste et les jours des Marchés traditionnels et provençaux. Exclusivité croisière : la ville de Fréjus propose un service de navettes depuis l&#8217;embarcadère, pour permettre [&hellip;]</p>
